{"id":2942,"date":"2025-05-16T11:28:18","date_gmt":"2025-05-16T15:28:18","guid":{"rendered":"https:\/\/capacitacion.sercotec.cl\/portal\/?post_type=curso-sincronico&#038;p=2942"},"modified":"2025-06-11T10:07:32","modified_gmt":"2025-06-11T14:07:32","slug":"uso-y-gestion-del-tiempo-con-enfoque-genero-en-la-accion-empresarial-ciclo-avanzado","status":"publish","type":"curso-sincronico","link":"https:\/\/capacitacion.sercotec.cl\/portal\/curso-sincronico\/uso-y-gestion-del-tiempo-con-enfoque-genero-en-la-accion-empresarial-ciclo-avanzado\/","title":{"rendered":"Uso y gesti\u00f3n del tiempo, con enfoque g\u00e9nero en la acci\u00f3n empresarial. (Ciclo avanzado)"},"featured_media":2944,"template":"","meta":{"_acf_changed":false,"episode_type":"","audio_file":"","cover_image":"","cover_image_id":"","duration":"","filesize":"","date_recorded":"","explicit":"","block":"","filesize_raw":""},"class_list":["post-2942","curso-sincronico","type-curso-sincronico","status-publish","has-post-thumbnail","hentry"],"acf":[],"_links":{"self":[{"href":"https:\/\/capacitacion.sercotec.cl\/portal\/wp-json\/wp\/v2\/curso-sincronico\/2942","targetHints":{"allow":["GET"]}}],"collection":[{"href":"https:\/\/capacitacion.sercotec.cl\/portal\/wp-json\/wp\/v2\/curso-sincronico"}],"about":[{"href":"https:\/\/capacitacion.sercotec.cl\/portal\/wp-json\/wp\/v2\/types\/curso-sincronico"}],"wp:featuredmedia":[{"embeddable":true,"href":"https:\/\/capacitacion.sercotec.cl\/portal\/wp-json\/wp\/v2\/media\/2944"}],"wp:attachment":[{"href":"https:\/\/capacitacion.sercotec.cl\/portal\/wp-json\/wp\/v2\/media?parent=2942"}],"curies":[{"name":"wp","href":"https:\/\/api.w.org\/{rel}","templated":true}]}}

Uso y gestión del tiempo, con enfoque género en la acción empresarial. (Ciclo avanzado)
